be 66/((-3)/(-1)) + 2. What is the greatest common divisor of i and 12?
12
Let j(a) = a**2 - 1. Let x be j(2). Let u(y) = 5*y - 4*y + 2 + 0. Let z be u(x). Calculate the greatest common divisor of z and 35.
5
Let v(w) = w**3 - 3*w + 2. Let b be v(2). Calculate the greatest common divisor of 16 and b.
4
Suppose -u - 2*u = -441. Calculate the highest common divisor of u and 21.
21
Suppose 5*h - 2*t - 10 = 166, 5*h - t = 178. What is the greatest common divisor of 90 and h?
18
Let y(g) be the first derivative of 10*g**3/3 - g**2/2 - g - 1. Let p be y(-1). Suppose -17 = -o - 7. What is the highest common divisor of o and p?
10
Suppose 0 = 4*o + 45 - 149. Let a(s) = -s + s**2 - s - 2*s - 6. Let v be a(-5). Calculate the highest common divisor of v and o.
13
Let k = 5 - 1. Suppose -z - 3*u = 1, -k*z + 2*u = -z - 30. Calculate the greatest common factor of 72 and z.
8
Let t(m) = 2*m**2 - 2*m - 5. Let k be t(-4). Suppose 4*p = -u + 17, -4*u - p - 3*p + 32 = 0. Calculate the highest common factor of u and k.
5
Let o be -2 - (1 - (1 + 14)). Let s be (-1)/3 - 4807/(-57). What is the greatest common divisor of o and s?
12
Let o = 28 - -12. Let i = o + 10. Let a be (-17)/(-3) - 4/6. What is the greatest common divisor of i and a?
5
Suppose 13*r = 9*r + 224. What is the greatest common factor of r and 42?
14
Suppose 2*x - 9 = x. Let m be 3/(x/(-1))*-33. Calculate the greatest common divisor of m and 121.
11
Let w(b) = b. Let g be w(13). Let u = -10 + g. What is the greatest common divisor of u and 3?
3
Suppose -4*p = -2*i - 374, p - 4*i + 308 = 4*p. Calculate the greatest common divisor of p and 12.
12
Suppose 0 = -2*c - p + 114, -4*c + 2*p - p = -216. What is the highest common factor of 22 and c?
11
Let k(w) = 20*w. Let p be k(1). What is the highest common factor of 5 and p?
5
Let o = 7 + 27. Suppose 5*w - 2*a = 180, 0 = w + 3*a - 10 - 9. Calculate the highest common divisor of o and w.
34
Suppose -4*y = 2*x - 268, -y + 277 = 6*x - 4*x. What is the highest common factor of 20 and x?
20
Let r be 1/(-5) + (-802)/(-10). Let x = r - 14. Calculate the greatest common divisor of 6 and x.
6
Let n(j) = -j + 13. Let k be n(10). Suppose 156 = k*g + 18. Suppose 2*o + 3 - g = -3*q, 11 = q - o. Calculate the greatest common factor of q and 39.
13
Suppose 0*t - t = x - 42, 0 = -3*t - 6. Suppose 0 = 16*j - 1209 + 153. What is the highest common divisor of j and x?
22
Suppose x = -2*s + 172 + 40, 212 = 2*s - 4*x. Suppose 0*j - 4*j - 12 = -u, -3*j + s = 5*u. What is the highest common divisor of 50 and u?
10
Let w be ((-18)/(-6))/(3/35). Calculate the greatest common factor of 7 and w.
7
Let p = 55 - 27. Calculate the greatest common divisor of p and 308.
28
Suppose -45 = d + 4*d. Let a(k) = k**3 + 9*k**2 + 10. Let z be a(d). What is the highest common divisor of 10 and z?
10
Let p = 4 - -20. Suppose 2*r + k - 34 = 0, 2*k - 52 = r - 4*r. Calculate the greatest common factor of p and r.
8
Let j(w) = -w**2 + 17*w - 28. Let d be j(10). Calculate the highest common factor of 6 and d.
6
Let c(h) = -h**3 + h**2 + 49. Suppose 0 = -4*u + 2*u. Let q be c(u). Calculate the highest common divisor of q and 7.
7
Let o be 3/(-1)*(5 - 12 - -6). Let i(g) = -g**2 + 9*g + 1. Let m be i(7). What is the highest common divisor of o and m?
3
Suppose 4*d - 94 - 151 = -3*c, 0 = c + 5. What is the greatest common divisor of d and 13?
13
Let r = -33 + 88. Calculate the greatest common factor of 11 and r.
11
Let p(v) = -v**2 + 2*v + 10. Suppose f = -3*f. Let y be p(f). What is the highest common divisor of 80 and y?
10
Let i(t) = t**3 - 11*t**2 - 10*t + 4. Let c be i(12). Calculate the highest common divisor of 7 and c.
7
Suppose -5*x - 4*q = -88, 4*x - 3*q + 31 = 6*x. Calculate the greatest common divisor of 140 and x.
20
Let k = 14 - 8. Let v(d) = -d**3 + 7*d**2 - 6*d + 4. Let h be v(k). Calculate the highest common factor of 2 and h.
2
Suppose 4*l - 5*s - 28 = 3*l, 32 = l - s. Let c = -54 + 76. What is the highest common factor of c and l?
11
Let t(b) = -b + 22. Let u be t(14). Suppose 0 = 5*k - u*k + 6. What is the greatest common factor of 3 and k?
1
Suppose -3*a - 3 = -2*x - 12, -13 = 4*x - 5*a. Let o(d) = 14*d + 2. Let w be o(x). Suppose w - 11 = f. What is the highest common factor of f and 11?
11
Let l = 3 + 0. Suppose l*b - 500 = -b. What is the greatest common divisor of 50 and b?
25
Let f be (-14)/(-49) + 3/(-21)*-124. What is the greatest common factor of f and 90?
18
Let a be (-4)/(1/7*-1). Suppose 23 = 2*t - 5. Calculate the greatest common factor of a and t.
14
Let z(g) = g**3 - 19*g**2 - 14*g - 30. Let v be z(20). Calculate the greatest common divisor of v and 36.
18
Suppose -105 = c - 4*c. Calculate the highest common divisor of 5 and c.
5
Suppose -y + 2 = 0, -y + 0*y = 4*o + 62. Let t be (o/(-5))/(4/190). What is the highest common factor of t and 19?
19
Suppose 3 = 2*c - 17. What is the highest common factor of 80 and c?
10
Suppose 0 = 2*w, i + 4*w + 1953 = 3*w. Let h be i/(-14) - (-1)/2. What is the highest common factor of h and 20?
20
Let k = 26 - 8. What is the highest common factor of k and 54?
18
Let w = 24 - 12. Let m(d) = 2*d**2 + 5*d - 3. Let x be m(-6). Suppose 2*a - x + 3 = 0. Calculate the greatest common divisor of a and w.
6
Let p(i) = 6*i + 13. Let o be p(-11). Let f = o + 75. What is the highest common divisor of 55 and f?
11
Let i = 3 + -18. Let m = -4 - i. Let w be (-4)/(-18) + 14/18. Calculate the highest common factor of w and m.
1
Let m be (-2)/7 + 5499/63. What is the highest common divisor of m and 29?
29
Suppose -3*m = -75 - 15. Calculate the highest common divisor of m and 75.
15
Suppose -z = -3*z + 216. Let l(v) = -v**2 + 6*v - 3. Let o be l(6). Let t be 0*1/o + 12. Calculate the greatest common divisor of z and t.
12
Let g = 46 + 163. Calculate the greatest common factor of 19 and g.
19
Let m(n) = -n**3 - 6*n**2 - 4*n - 6. Let c be m(-6). Suppose -12 = 5*q - q, 3*z - 2*q - c = 0. Calculate the highest common divisor of z and 44.
4
Suppose -4*l = 4*j - 8, 0 = 4*l - 3*j + 5*j - 12. Suppose -x = -h + x + 64, 4*h + l*x = 304. Calculate the greatest common divisor of 18 and h.
18
Let w(t) = 5*t**2 + 4*t + 7. Let m be w(-3). Let q be (15/2)/3*4. What is the greatest common divisor of q and m?
10
Suppose -5*b + 4 = -1, 5*f = 3*b + 77. Suppose -2*n = 4*d - n - 36, 4*n = -4*d + 48. What is the highest common divisor of f and d?
8
Let l(f) = 2 + 7*f - 8*f + 11*f - f**2 + 5. Let p be l(8). What is the highest common factor of p and 69?
23
Let v(g) = g**2 - 12*g. Let f be v(13). What is the highest common divisor of f and 26?
13
Let k be (-2)/((2/13)/(-1)). Let b = 10 - -3. What is the highest common factor of k and b?
13
Suppose -2*f = -244 - 56. Suppose 3*r + 0*l = 5*l + 40, -4*r = -3*l - 57. What is the greatest common divisor of r and f?
15
Let s = 10 + -6. Let y = s - -6. Let m(x) = 8*x**2 - 3*x - 3. Let i be m(3). What is the greatest common factor of i and y?
10
Let m = -41 + 65. What is the greatest common divisor of 6 and m?
6
Let y be (-10)/35 + 47/(-7). Let s be (-429)/(-21) - (-3)/y. Calculate the highest common divisor of s and 50.
10
Suppose 3*b + 2*w = 34, -10 - 48 = -3*b + 4*w. Suppose 18*p = b*p + 32. Calculate the highest common factor of 24 and p.
8
Let g(q) = q**2 - q - 1. Let j be g(-1). Let r be (2 + -2*j)/2. Suppose r = 3*h - 2*h - 24. What is the greatest common divisor of 36 and h?
12
Suppose -4*m + 4 = 2*p + 18, p + m = -3. Suppose -c + p = 2. Let h = 11 + c. Calculate the greatest common factor of 50 and h.
10
Let o = -1 - -2. What is the greatest common factor of 8 and o?
1
Let u = -7 + 6. Let n be (u + 2/1)*4. Suppose 0*w + 2*v = 3*w - 206, -n*w + 4*v + 268 = 0. What is the highest common divisor of 18 and w?
18
Let w(q) = 9*q**2 + 1 - 3 + 4*q**2 + 0*q**2. Let f be w(2). What is the highest common divisor of f and 75?
25
Let o(k) = -k + 159. Let h be o(27). Suppose -3*q + 6 = 0, 9 + 17 = 3*i - 5*q. Calculate the highest common factor of i and h.
12
Let t = 15 - 12. What is the greatest common factor of t and 9?
3
Let z(h) = h**3 - 8*h**2 - 7*h - 4. Let a(t) = t**2 - t - 3. Let j be a(-3). Let v be z(j). What is the highest common divisor of 14 and v?
14
Let d be (-4)/(-6) - (-46)/3. Let x = -31 - -19. Let p be ((-56)/x - 2)*3. Wh